-6)/a. What is the remainder when 22 is divided by d(s)?
6
Suppose 0 = 4*a - 8*a + 132. Calculate the remainder when a is divided by ((-64)/(-40))/((-4)/(-30)).
9
Suppose 7*t - 75 = 2*t. Calculate the remainder when 42 is divided by t.
12
Suppose 18 = 4*z - 14. Let f = z - -2. Let h = f - 2. Calculate the remainder when 14 is divided by h.
6
Let w(g) = -g**3 + g**2 - g + 5. Let b be 0 + 4 + (-3)/3. Suppose -s - 2*k - 6 = b*k, s = 3*k + 18. What is the remainder when s is divided by w(0)?
4
Suppose -3*w = 5*c - 18, -5*c + 0*w + 14 = 4*w. Let d = 5 + c. What is the remainder when 32 is divided by d?
10
Suppose 2 = 5*t - 18. Suppose -2 + t = b. Calculate the remainder when (0 - 2)*(-3 + 2) is divided by b.
0
Let i be (24/20)/((-3)/(-170)). Suppose -48 = -h - h - t, -i = -2*h + 4*t. What is the remainder when 75 is divided by h?
23
Calculate the remainder when 39/9*(0 + 6) is divided by 14.
12
Let u = 4 + -6. Let r = u + 6. Suppose 4*c + r*w = 28, -3*w = c - 7 + 2. What is the remainder when c is divided by 3?
2
Let m be (9/6)/((-1)/(-6)). Let q = m + 3. What is the remainder when 46 is divided by q?
10
Let r = -2 - -6. Suppose -13*z + 16*z = 81. Suppose 4*s - 13 = -r*a + z, 5*a = 2*s - 27. Calculate the remainder when 20 is divided by s.
9
Let n = 0 + -1. Let b = n - -4. Suppose -4*a - b*l + 139 = 15, 0 = 3*a + 5*l - 104. What is the remainder when a is divided by 10?
8
Suppose -2*g + 6 + 4 = 0. Suppose -19 = -g*q + 146. What is the remainder when q is divided by 9?
6
Suppose -6 = 3*h - 21. Suppose -h*p = -p + 16. What is the remainder when 22 is divided by (-3)/(-6) - 46/p?
10
Let a(z) be the first derivative of 3*z**2 - 3*z - 1. What is the remainder when 25 is divided by a(2)?
7
Suppose -153 = -24*n + 15*n. Calculate the remainder when 46 is divided by n.
12
Let u be (44/(-14))/((-1)/7). Suppose 3*c - u = 50. Calculate the remainder when c is divided by 9.
6
Let v = 29 + -16. Calculate the remainder when v is divided by ((-14)/4)/(2/(-4)).
6
Let f(i) = i**2 - 2*i - 2. Calculate the remainder when 23 is divided by f(-3).
10
Let d(p) = -2*p - 6. What is the remainder when 45 is divided by d(-9)?
9
Suppose 2*i = f + 6, -3*i + 6 = -0*f - 3*f. Suppose 0*z + f*z = 18. What is the remainder when 16 is divided by z?
7
Let k be (2 + -1)*(3 - -1). Suppose -k*i + 7 = -17. What is the remainder when 17 is divided by i?
5
Let w = -27 - -51. Let f be w/20 + 1/(-5). What is the remainder when (f + 0)*(-41)/(-1) is divided by 14?
13
Suppose -3*n = 16 + 8. Let d(h) = -h**2 - 7*h + 9. Calculate the remainder when 3/2*(-12)/(-9) is divided by d(n).
0
Suppose 0 = -2*h - h - 2*k + 16, 3*k + 52 = 5*h. Calculate the remainder when 14 is divided by h.
6
Let c(j) = -55*j**3 + 1. Let s be c(-1). Let y be 1/(s/(-58) - -1). Suppose 0*u = 4*k - 4*u - 100, y = k - 3*u. Calculate the remainder when k is divided by 12.
11
Suppose x = 2*x - 20. What is the remainder when x is divided by 6?
2
Suppose -4*o + 10 = -138. Suppose 5*u - 3*u - 14 = 0. Suppose j - u = 6. Calculate the remainder when o is divided by j.
11
Let o = 14 - 8. Suppose 2*x + 68 = o*x. Suppose 0 = p + w - 49, 2*w - 141 = -4*p + 55. What is the remainder when p is divided by x?
15
Suppose -2*v + 3*v - 14 = 0. Suppose -1 = -a + 4*d, 4*a + 3*d + 7 = 6*a. Calculate the remainder when v is divided by a.
4
Suppose 2*w + 0*w - 4 = 0. Let y = 3 - w. What is the remainder when y is divided by 1?
0
Let s = 10 - 1. Let k = -3 + s. Calculate the remainder when 10 is divided by k.
4
What is the remainder when (-3)/6 + 194/4 is divided by 17?
14
What is the remainder when (42/5)/((-6)/(-40)) is divided by 22?
12
Suppose 3*z - 49 = -2*s, -3*s - s + 133 = -z. Let p = 47 - 30. Calculate the remainder when s is divided by p.
15
Let o = 5 + -1. Suppose -3*u = 5*n - 20, 4*n + o = 2*n. What is the remainder when u is divided by (-46)/(-8) + (-1)/(-4)?
4
Suppose 0 = 2*d + q, -q - 1 - 3 = 0. Let k(c) = c**2 - 11*c + 3. Suppose 0*f + 44 = 4*f. Calculate the remainder when k(f) is divided by d.
1
Suppose 4 = q + q. Suppose -3 - q = p, -3*f = 4*p + 17. Calculate the remainder when f is divided by (-6)/(-4) - (-1)/(-2).
0
Let t = 28 + -16. What is the remainder when t is divided by 5?
2
Let j be 1/((-2)/(-78)*3). Let b = j + 16. What is the remainder when b is divided by 8?
5
Let n = -91 - -103. Calculate the remainder when 47 is divided by n.
11
Suppose 4*i = -i - l - 50, i + 4*l = -10. Let q = 19 + i. What is the remainder when 33 is divided by q?
6
What is the remainder when 37 is divided by (-3 + (-140)/(-12))*3/2?
11
Let y(u) = -u**2 - 5*u + 2. Let d(i) = -i. Let a(r) = 4*d(r) - y(r). Let m = -34 - -62. Calculate the remainder when m is divided by a(-4).
8
Let a(u) = 0*u + 6*u**2 - 5*u - 7*u**2. Let n be a(-5). Suppose n = 4*j - 11 - 69. What is the remainder when j is divided by 11?
9
Let d(v) = v + 7. Let w be (16 - (-1 + 0)) + -1. Suppose 2*k - w = -4*l, k + 4 = -2*l + 4*l. What is the remainder when k is divided by d(-6)?
0
Suppose -3*g + 2*o + 19 = -0, -16 = -4*g + 5*o. Suppose -2*x = -2, 5*x = -4*u + 3*u + 1. Calculate the remainder when 102/4 - (-2)/u is divided by g.
7
Suppose 0*h + 5*n = -5*h - 5, 1 = 2*h + n. Suppose 2*b + 5 = u, 3*b - 16 = 7*b - 4*u. Calculate the remainder when b/h + 35/2 is divided by 6.
5
Suppose 82 = -0*i + i. What is the remainder when i is divided by 21?
19
Suppose -13 + 4 = -f. Calculate the remainder when 24 is divided by f.
6
Let f(n) = -6*n - 13. What is the remainder when f(-8) is divided by 9?
8
Let s be ((-8)/(-6))/((-3)/(-18)). What is the remainder when 24 is divided by (-2)/s - 21/(-4)?
4
Let i(h) = h**3 + h**2 - 2*h + 1. Let n be i(1). Calculate the remainder when 35 is divided by 21 - (n - (1 + -2)).
16
Suppose -2*s + 101 = 3*r, -s + 4*r + 9 = -14. Suppose -5*h - 55 = -10*h. What is the remainder when s is divided by h?
10
Let f(c) = 3*c**2. Let r(a) = 4*a - 2. Let u be r(-3). Let h = u - -22. Calculate the remainder when h is divided by f(-1).
2
Let w be 0 + -2 - -2 - -49. Let i = -26 + w. What is the remainder when i is divided by 8?
7
Let u = 6 - 9. What is the remainder when 38/u*6/(-4) is divided by 5?
4
What is the remainder when (0 + -2)/(((-24)/(-81))/(-4)) is divided by 14?
13
What is the remainder when 17 is divided by 5 + -2 + (-1)/(-1)?
1
Suppose -16 = -2*d + 2*h, 2*d + h + h - 16 = 0. Let b(i) = i - 4. Calculate the remainder when 7 is divided by b(d).
3
Suppose 0 = -5*j + 2*o + 816, 2*j = -j - 4*o + 500. Suppose 0 = 4*y - 24 - j. What is the remainder when y is divided by 1/((-1)/8)*-2?
15
Let n(y) = -y**2 - 11*y + 3. Let h = -76 + 41. Let m = h - -24. Calculate the remainder when 8 is divided by n(m).
2
What is the remainder when 112/(-12)*9/(-2) is divided by ((-66)/9)/((-6)/9)?
9
Let x = -16 + 19. What is the remainder when 2 + 2/(2/x) is divided by 4?
1
Calculate the remainder when (-7 - -4) + (-98)/(-2) is divided by 12.
10
Let s(q) be the first derivative of 5*q**3/3 - 2*q - 3. Let k be s(2). Let m = k - 13. What is the remainder when 8 is divided by m?
3
Let o = 127 + -88. Let j be 0 + -1 + o + -2. Suppose -4*c = -j - 0. Calculate the remainder when 16 is divided by c.
7
Suppose 0 = 5*f - 0*q - 4*q - 319, -2*f - q = -138. Calculate the remainder when f is divided by 15.
7
Suppose 0*b + 3*b + 4*t + 11 = 0, -2*b - t + 1 = 0. Suppose -o - 1 = -4*i - 28, b = o. Let m = 10 + i. What is the remainder when 11 is divided by m?
3
Suppose 100*v + 177 = 101*v. Calculate the remainder when v is divided by 30.
27
Suppose 0 = o - 13 - 4. What is the remainder when 65 is divided by o?
14
Let p(d) = -d**3 + 9*d**2 - 12*d + 18. Calculate the remainder when 161 is divided by p(6).
53
Let s(n) = n**3 - 7*n**2 + 6*n + 4. Let w be (-22)/(-4) - (-2)/4. Let t = -27 + 29. Calculate the remainder when s(w) is divided by t.
0
Suppose -3*k - 2 = -s + 5, 2*s + k = 35. Calculate the remainder when ((-31)/2)/((-1)/2) is divided by s.
15
Let m be 13/(-5) + 8/(-20). Let u(q) = -5*q + 1. What is the remainder when 2/(-12) - ((-3679)/(-6))/(-13) is divided by u(m)?
15
Let s(w) = 17*w + 1. Let c(g) = 18*g + 1. Let a(z) = -5*c(z) + 4*s(z). Suppose -13 = -d - 2. Calculate the remainder when a(-1) is divided by d.
10
Let m(f) = -35*f**3 + 1. Let g be m(-1). Let u = g + -26. Suppose -3*c = -s - 1 -